{"id":2,"date":"2022-05-05T18:05:26","date_gmt":"2022-05-05T16:05:26","guid":{"rendered":"http:\/\/malefices.fr\/?page_id=2"},"modified":"2023-07-07T08:42:11","modified_gmt":"2023-07-07T06:42:11","slug":"si-vous-arriver-ici-cest-que-vous-avez-ete-pris-au-piege","status":"publish","type":"page","link":"https:\/\/malefices.fr\/","title":{"rendered":""},"content":{"rendered":"\n<p>Dans le cadre d\u2019une campagne de s\u00e9curit\u00e9 organis\u00e9 en interne (CORUS) , nous avons souhait\u00e9 mesurer notre risque face \u00e0 une attaque du type d\u2019hame\u00e7onnage (Phishing) par le biais d\u2019un email malveillant.<\/p>\n\n\n\n<p>Si vous lisez ce message c\u2019est que vous \u00eates \u00ab&nbsp;tomb\u00e9(e)&nbsp;\u00bb dans le pi\u00e8ge.<\/p>\n\n\n\n<p>N\u2019ayez aucune inqui\u00e9tude car cela signifie que nous ne vous avons pas suffisamment sensibilis\u00e9 sur ce risque qui peut \u00eatre tr\u00e8s lourd de cons\u00e9quence pour une entreprise.<\/p>\n\n\n\n<p>Cela va nous permettre de disposer d\u2019indicateur de mesure afin de renforcer nos processus et proc\u00e9dures li\u00e9s \u00e0 la cybers\u00e9curit\u00e9.<\/p>\n\n\n\n<p>Jouez le jeu et ne pr\u00e9venez pas vos coll\u00e8gues car sinon cela n\u2019aura absolument plus d\u2019int\u00e9r\u00eat.<\/p>\n\n\n\n<p>Soyez fair-play et merci de votre participation.<\/p>\n\n\n\n<p>La <strong>D<\/strong>irection des <strong>S<\/strong>yst\u00e8mes d\u2019<strong>I<\/strong>nformation<\/p>\n\n\n\n<p>Luc Fayard d\u00e9finit l\u2019Informatique comme l\u2019alliance d&#8217;une science inexacte et d&#8217;une activit\u00e9 humaine faillible.<\/p>\n\n\n\n<p style=\"font-style:normal;font-weight:500\"> <\/p>\n","protected":false},"excerpt":{"rendered":"<p>Dans le cadre d\u2019une campagne de s\u00e9curit\u00e9 organis\u00e9 en interne (CORUS) , nous avons souhait\u00e9 mesurer notre risque face \u00e0 une attaque du type d\u2019hame\u00e7onnage (Phishing) par le biais d\u2019un email malveillant. Si vous lisez ce message c\u2019est que vous \u00eates \u00ab&nbsp;tomb\u00e9(e)&nbsp;\u00bb dans le pi\u00e8ge. N\u2019ayez aucune inqui\u00e9tude car cela signifie que nous ne vous [&hellip;]<\/p>\n","protected":false},"author":1,"featured_media":0,"parent":0,"menu_order":0,"comment_status":"closed","ping_status":"closed","template":"","meta":{"footnotes":""},"class_list":["post-2","page","type-page","status-publish","hentry"],"_links":{"self":[{"href":"https:\/\/malefices.fr\/index.php\/wp-json\/wp\/v2\/pages\/2","targetHints":{"allow":["GET"]}}],"collection":[{"href":"https:\/\/malefices.fr\/index.php\/wp-json\/wp\/v2\/pages"}],"about":[{"href":"https:\/\/malefices.fr\/index.php\/wp-json\/wp\/v2\/types\/page"}],"author":[{"embeddable":true,"href":"https:\/\/malefices.fr\/index.php\/wp-json\/wp\/v2\/users\/1"}],"replies":[{"embeddable":true,"href":"https:\/\/malefices.fr\/index.php\/wp-json\/wp\/v2\/comments?post=2"}],"version-history":[{"count":10,"href":"https:\/\/malefices.fr\/index.php\/wp-json\/wp\/v2\/pages\/2\/revisions"}],"predecessor-version":[{"id":34,"href":"https:\/\/malefices.fr\/index.php\/wp-json\/wp\/v2\/pages\/2\/revisions\/34"}],"wp:attachment":[{"href":"https:\/\/malefices.fr\/index.php\/wp-json\/wp\/v2\/media?parent=2"}],"curies":[{"name":"wp","href":"https:\/\/api.w.org\/{rel}","templated":true}]}}